s(y) = -y**3 + 7*y**2 - 2*y - 7. Let m be s(6). Suppose -4*j = -m + 89. List the prime factors of l(j).
2, 7, 11
Let u = -931 + 923. What are the prime factors of (-600)/(-480) + (-10438)/u?
2, 653
Suppose 3*b = -4*i + 90006, 113*i - 109*i + 2*b = 90000. List the prime factors of i.
3, 7499
Let z be 27 + 2 + 6/6 + -5. Suppose 0 = s - 285 + z. What are the prime factors of s?
2, 5, 13
Let f = 58578 - 41785. Suppose -40*b + 11447 = -f. List the prime factors of b.
2, 353
Let c be 5 - (2996/(6 - 2) + -3). Let o = c + 1702. What are the prime factors of o?
31
Suppose -12 = -2*j - 6, -4*j = -2*y - 12. Suppose -21*i + 6373 + 18995 = y. List the prime factors of i.
2, 151
Let s(f) = 297*f + 130. List the prime factors of s(50).
2, 5, 7, 107
Suppose 59*d - 571026 = -141801. List the prime factors of d.
3, 5, 97
Suppose 113 = 3*u + 5*d, -2*d = -2*u - 0*d + 70. List the prime factors of (-1 + 61)*264/u.
2, 5, 11
Let v = 6 + -4. Let h = 0 + v. Suppose -236 + 564 = h*l. List the prime factors of l.
2, 41
Suppose -x = 2*v, 0*v - 4*x = 4*v. Suppose 4*q - 903 + 161 = -3*k, v = k + 5*q - 229. Let r = k + -142. List the prime factors of r.
2, 7
What are the prime factors of 6/(-14) + (-217264)/(-518)?
419
Suppose -47*u + 39*u + 40024 = -45008. List the prime factors of u.
3, 1181
Suppose 0 = -25*t - 149 - 151. Let b(u) = -6*u - 9. What are the prime factors of b(t)?
3, 7
Let h(o) = o**2 + o + 12. Let b be h(-6). Let k be (-4 - b/(-15))/(3/10). What are the prime factors of 88 + (k + 2 - -4)?
2, 3, 5
Suppose -21*l + 15281 = -14833. List the prime factors of l.
2, 3, 239
What are the prime factors of (180 + 1)/((-24)/3744*-6)?
2, 13, 181
Let o be (130/4)/((-32)/64). What are the prime factors of (-33995)/o + 8 + -1?
2, 5, 53
Let q(w) = w**3 - w**2 + 154*w + 40046. List the prime factors of q(0).
2, 20023
Let l be (-6)/(-12)*42 + 4/2. Suppose -5*n - 2*d - d + l = 0, 2*n = 5*d + 34. Let y(r) = r**3 - 5*r**2 + r + 4. List the prime factors of y(n).
109
Let m = 620 + -382. List the prime factors of m.
2, 7, 17
Let z be -6*5/10 + 3. Suppose z = -2*o + 85 - 25. What are the prime factors of -4 + (0 - -4) + o?
2, 3, 5
Let o = -3671 + 4708. List the prime factors of o.
17, 61
Let i = -486 + 491. Suppose 2*l - 3073 = -i*l. What are the prime factors of l?
439
Let q = 10969 - -34876. What are the prime factors of q?
5, 53, 173
What are the prime factors of 52/65 + -82*2739/(-15)?
2, 7487
Let n(v) = v + 26. Let l be n(-20). List the prime factors of -5 - -263 - (3 + (4 - l)).
257
Let g(t) = t**3 + 80*t**2 - 204*t - 406. List the prime factors of g(-76).
2, 3, 6367
Let r(k) = 172*k + 26. Let s = -23 - -24. What are the prime factors of r(s)?
2, 3, 11
Let m = -6188 + 12964. What are the prime factors of m?
2, 7, 11
Let b(v) = 2*v**2 + v + 2. Let f be b(0). What are the prime factors of (-2)/(12/(-3083)) - f/(-12)?
2, 257
Let p = -18503 - -27258. What are the prime factors of p?
5, 17, 103
Suppose 2*y = 4*m - 3*y - 5, 0 = 2*y + 2. Suppose 3*w - 2303 = -4*h, -5*h + m*h - 4*w = -2878. What are the prime factors of h?
2, 17
Let h = 1121 + 1759. List the prime factors of h.
2, 3, 5
Suppose 3*d + k - 1 = 5*d, 3*d - 11 = -k. Suppose -6 = 3*u, -5*b - 3*u + 105 = d*u. Suppose 3*r - 2*n = 34, -b = -r - 4*n - 7. List the prime factors of r.
2, 3
Let y(j) = 16*j**3 - j**2 - 2*j - 1. Let z be y(-2). Let v = -110 - z. Suppose v*x - 17*x - 80 = 0. What are the prime factors of x?
2, 5
Let i(b) = -13*b**3 - 37*b**2 - 25*b - 12. What are the prime factors of i(-10)?
2, 19, 251
Let y(b) = 8*b**2 + 249*b - 4756. List the prime factors of y(18).
2, 19, 61
Suppose 28*b + 48*b + 196*b = 4242112. What are the prime factors of b?
2, 7, 557
Let i be 28/(-28) - (0 + 0 - -58). Let o = -28 - i. Suppose 0 = 3*w - o - 377. What are the prime factors of w?
2, 17
Let u be 869154/495 + 2/15. Suppose 3*g + 5*t = u, 3*g - g = -3*t + 1170. What are the prime factors of g?
2, 3, 97
Let c be ((-2)/7)/((-52)/364). Suppose -h + 1882 = c*g, -8*h = -5*g - 7*h + 4698. What are the prime factors of g?
2, 5, 47
Suppose 5*c + 168582 = 5*j + 49542, -5*j = c - 119058. What are the prime factors of j?
3, 7937
Let j = 3509 + -1687. List the prime factors of j.
2, 911
Let t(a) = 110*a**3 + 5*a**2 - a - 8. Let m be t(4). Suppose -21*f - 3*l = -25*f + m, 3*l = 5*f - 8885. List the prime factors of f.
1777
Let l be 1310/(-4)*(-24)/30. Suppose 0 = -11*u + 5*u - 882. Let p = u + l. What are the prime factors of p?
5, 23
Suppose 6*p = m + p + 3, -p = -4*m + 26. Suppose -4*b - 8 = 2*t, 0*b - b + m = -4*t. What are the prime factors of (-151)/t*-3*8/(-12)?
151
Suppose -3*a + 83 = -5*f, 0 = 5*a - 0*a + 5*f - 125. Let i(s) = 7*s + 184. List the prime factors of i(a).
2, 3, 61
Suppose -11*m - 12044 + 56196 = -3*m. List the prime factors of m.
5519
Suppose -436*q + 413*q + 159781 = 0. What are the prime factors of q?
6947
Suppose 5*w - 179530 = 48*l - 53*l, -3*l = 2*w - 71804. List the prime factors of w.
2, 17957
Suppose 7 = -4*b + 5*b. Let f be 6/2 - 2256/(-6). Suppose 0 = -b*z + f - 71. List the prime factors of z.
2, 11
Let h(s) = -86399*s - 565. List the prime factors of h(-1).
2, 7, 6131
Suppose -2*g - 3*d + 39089 = -15318, -g + 27207 = 2*d. What are the prime factors of g?
71, 383
Suppose l - 3*l - 3*i = -41632, 10*i = -5*l + 104075. What are the prime factors of l?
109, 191
Suppose 3*w - 345 = 4*g, -7*g = -3*g + 4*w + 380. Let l = g + 386. What are the prime factors of l?
2, 37
List the prime factors of (-4 - (-323)/2)*(81 - (-1 - -2)).
2, 3, 5, 7
Let h = 622 + -42. Let p = h + -339. List the prime factors of p.
241
Suppose -3*b - 16027 = -31399. List the prime factors of b.
2, 3, 7, 61
Let t = 118 + -100. Let p(u) = -3*u + 71. List the prime factors of p(t).
17
Let t = -377 - -393. Let n(m) = 59*m + 90. What are the prime factors of n(t)?
2, 11, 47
Let h(n) = -7*n + 9. Suppose 2*y - y = 2*y. Let u be h(y). What are the prime factors of (75/u - -4)*12?
2, 37
Let s(y) be the first derivative of -5*y**3/6 + 12*y**2 + 29*y - 30. Let b(k) be the first derivative of s(k). What are the prime factors of b(-17)?
109
Suppose 2*l + 4*d - 55658 = 0, -3649*l + 3651*l - 2*d - 55628 = 0. What are the prime factors of l?
3, 11, 281
Let i(v) = 3*v - 1. Let m be i(4). Suppose -m*z + 8*z - 192 = 0. List the prime factors of (-33)/4*z/6.
2, 11
Suppose -12*n + 104 = -76. List the prime factors of 54/n*1080/12.
2, 3
List the prime factors of (19520/480)/(2/756 + 0).
2, 3, 7, 61
Let n be 65832/(-40) - (0 + (-3)/(-15)). Let r = 2384 + n. What are the prime factors of r?
2, 3, 41
Suppose 5*n + 2*y + 2954 = 0, -n + 5*y - 8 = 599. Let u be -2 - n - (-6 - -6). Suppose -76 - u = -3*j. What are the prime factors of j?
2, 3, 37
Suppose -q - 154475 = -5*m, -3*m + 92685 = -28*q + 24*q. List the prime factors of m.
5, 37, 167
Let s be (-6)/((-50)/20*18/15). List the prime factors of 1384/3*(-81)/(-54) - s.
2, 3, 5, 23
Let w(c) = -430*c - 5598. What are the prime factors of w(-106)?
2, 19991
Let p(y) = -68*y + 132*y - 2 - y**3 - 4*y**2 - 21 - 65*y. Suppose -5*m = 3*l + 50, 0*m + 4*l - 8 = 4*m. List the prime factors of p(m).
131
Suppose -40*c - 60*c + 693342 = -22*c. What are the prime factors of c?
3, 2963
Suppose 3175 = -15*s + 47950. List the prime factors of s.
3, 5, 199
Let s(q) = q**3 - q**2 + 5. Let d = -32 - -32. Let n be s(d). Let r(c) = 5*c**2 - 3*c - 12. List the prime factors of r(n).
2, 7
What are the prime factors of 26/182 + (-12723)/(-21) + 5?
13, 47
List the prime factors of 43882 + ((-114)/(-76))/((-9)/(-12)).
2, 3, 23, 53
Let n = 82 + 3. Let d = 37 + n. List the prime factors of d.
2, 61
Let a(s) = 64*s**2 + 67*s + 1311. List the prime factors of a(-15).
2, 3, 19, 43
Let h = 38 - 27. Let s = 301 - 312. What are the prime factors of s + h - (-1 + -72)?
73
What are the prime factors of (237/12 - 31/(-124))*1741/4?
5, 1741
Suppose 2507 + 9749 = 4*g - 2*b, 9182 = 3*g + b. List the prime factors of g.
2, 1531
Let b(c) = -c**2 - 84*c + 24077. List the prime factors of b(0).
24077
What are the prime factors of (1 + (-43212)/10)/(12 + (-366)/30)?
21601
Let p = -1934 + 7237. What are the prime factors of p?
5303
List the prime factors of (36/48 + (-12)/24)*225332.
56333
Let m(c) = 13*c**2 + 3*c - 42. Let o be m(11). Let n = -938 + o. List the prim